{"id":50,"date":"2025-04-11T19:00:44","date_gmt":"2025-04-11T22:00:44","guid":{"rendered":"https:\/\/vsystem.net.br\/site\/?page_id=50"},"modified":"2025-04-17T16:01:52","modified_gmt":"2025-04-17T19:01:52","slug":"quem-somos","status":"publish","type":"page","link":"http:\/\/vsystem.net.br\/site\/index.php\/quem-somos\/","title":{"rendered":"Quem Somos"},"content":{"rendered":"\n<h2 class=\"wp-block-heading\">Visual System<\/h2>\n\n\n\n<p>A Visual System Inform\u00e1tica \u00e9 uma empresa que segue o ramo de cria\u00e7\u00e3o de software, foi fundada em 1997 no Distrito Federal.<\/p>\n\n\n\n<p>\u00c9 especializada em desenvolvimento de software, aplicativos e consultoria na \u00e1rea de tecnologia. Com uma unidade localizada em Alameda Shopping, fornece seus servi\u00e7os para grandes empresas.<\/p>\n\n\n\n<p>S\u00e3o mais de 22 anos no mercado de software, al\u00e9m disso atendemos o cliente da melhor forma e arcamos com todas as demandas com o maior profissionalismo e com a finalidade de uma melhor comunica\u00e7\u00e3o entre partes.<\/p>\n\n\n\n<p>Nossos profissionais s\u00e3o capacitados para atender, criar e acima de tudo manter uma boa rela\u00e7\u00e3o com o cliente.<\/p>\n\n\n\n<figure class=\"wp-block-image size-full\"><img loading=\"lazy\" decoding=\"async\" width=\"1024\" height=\"284\" src=\"http:\/\/vsystem.net.br\/site\/wp-content\/uploads\/2025\/04\/Vsystem.png\" alt=\"\" class=\"wp-image-33\"\/><\/figure>\n\n\n\n<p><\/p>\n","protected":false},"excerpt":{"rendered":"<p>Visual System A Visual System Inform\u00e1tica \u00e9 uma empresa que segue o ramo de cria\u00e7\u00e3o de software, foi fundada em 1997 no Distrito Federal. \u00c9 especializada em desenvolvimento de software, aplicativos e consultoria na \u00e1rea de tecnologia. Com uma unidade localizada em Alameda Shopping, fornece seus servi\u00e7os para grandes empresas. S\u00e3o mais de 22 anos [&hellip;]<\/p>\n","protected":false},"author":1,"featured_media":0,"parent":0,"menu_order":0,"comment_status":"closed","ping_status":"closed","template":"","meta":{"footnotes":""},"class_list":["post-50","page","type-page","status-publish","hentry"],"_links":{"self":[{"href":"http:\/\/vsystem.net.br\/site\/index.php\/wp-json\/wp\/v2\/pages\/50","targetHints":{"allow":["GET"]}}],"collection":[{"href":"http:\/\/vsystem.net.br\/site\/index.php\/wp-json\/wp\/v2\/pages"}],"about":[{"href":"http:\/\/vsystem.net.br\/site\/index.php\/wp-json\/wp\/v2\/types\/page"}],"author":[{"embeddable":true,"href":"http:\/\/vsystem.net.br\/site\/index.php\/wp-json\/wp\/v2\/users\/1"}],"replies":[{"embeddable":true,"href":"http:\/\/vsystem.net.br\/site\/index.php\/wp-json\/wp\/v2\/comments?post=50"}],"version-history":[{"count":6,"href":"http:\/\/vsystem.net.br\/site\/index.php\/wp-json\/wp\/v2\/pages\/50\/revisions"}],"predecessor-version":[{"id":84,"href":"http:\/\/vsystem.net.br\/site\/index.php\/wp-json\/wp\/v2\/pages\/50\/revisions\/84"}],"wp:attachment":[{"href":"http:\/\/vsystem.net.br\/site\/index.php\/wp-json\/wp\/v2\/media?parent=50"}],"curies":[{"name":"wp","href":"https:\/\/api.w.org\/{rel}","templated":true}]}}